{"id":212,"date":"2020-10-06T15:31:18","date_gmt":"2020-10-06T13:31:18","guid":{"rendered":"https:\/\/mediasex2020.univ-lille.fr\/?page_id=212"},"modified":"2020-10-14T13:22:14","modified_gmt":"2020-10-14T11:22:14","slug":"ariane-temkine","status":"publish","type":"page","link":"https:\/\/mediasex2020.univ-lille.fr\/?page_id=212","title":{"rendered":"Ariane Temkine"},"content":{"rendered":"\n<p class=\"has-text-align-center\"><strong>Ariane Temkine<\/strong><\/p>\n\n\n\n<p>Ariane Temkine est doctorante \u00e0 l\u2019EHESS (CRAL) o\u00f9 elle poursuit une th\u00e8se intitul\u00e9e \u00ab\u00a0Encoder les sexualit\u00e9s dans le cin\u00e9ma d\u2019animation Disney, 1929-1999\u00a0\u00bb sous la direction d\u2019Anne Lafont. Elle est \u00e9galement charg\u00e9e d\u2019\u00e9tudes et de recherche \u00e0 l\u2019Institut National d\u2019Histoire de l\u2019Art (INHA) pour le domaine \u00ab\u00a0Histoire de l\u2019art mondialis\u00e9\u00a0\u00bb.\u00a0<\/p>\n\n\n\n<p class=\"has-text-align-center\"><a href=\"https:\/\/www.inha.fr\/fr\/_plugins\/mypage\/mypage\/content\/atemkine.html\">https:\/\/www.inha.fr\/fr\/_plugins\/mypage\/mypage\/content\/atemkine.html<\/a><\/p>\n","protected":false},"excerpt":{"rendered":"<p>Ariane Temkine Ariane Temkine est doctorante \u00e0 l\u2019EHESS (CRAL) o\u00f9 elle poursuit une th\u00e8se intitul\u00e9e \u00ab\u00a0Encoder les sexualit\u00e9s dans le cin\u00e9ma d\u2019animation Disney, 1929-1999\u00a0\u00bb sous la direction d\u2019Anne Lafont. Elle est \u00e9galement charg\u00e9e d\u2019\u00e9tudes et de recherche \u00e0 l\u2019Institut National d\u2019Histoire de l\u2019Art (INHA) pour le domaine \u00ab\u00a0Histoire de l\u2019art mondialis\u00e9\u00a0\u00bb.\u00a0 https:\/\/www.inha.fr\/fr\/_plugins\/mypage\/mypage\/content\/atemkine.html<\/p>\n","protected":false},"author":1,"featured_media":0,"parent":0,"menu_order":0,"comment_status":"closed","ping_status":"closed","template":"","meta":[],"_links":{"self":[{"href":"https:\/\/mediasex2020.univ-lille.fr\/index.php?rest_route=\/wp\/v2\/pages\/212"}],"collection":[{"href":"https:\/\/mediasex2020.univ-lille.fr\/index.php?rest_route=\/wp\/v2\/pages"}],"about":[{"href":"https:\/\/mediasex2020.univ-lille.fr\/index.php?rest_route=\/wp\/v2\/types\/page"}],"author":[{"embeddable":true,"href":"https:\/\/mediasex2020.univ-lille.fr\/index.php?rest_route=\/wp\/v2\/users\/1"}],"replies":[{"embeddable":true,"href":"https:\/\/mediasex2020.univ-lille.fr\/index.php?rest_route=%2Fwp%2Fv2%2Fcomments&post=212"}],"version-history":[{"count":3,"href":"https:\/\/mediasex2020.univ-lille.fr\/index.php?rest_route=\/wp\/v2\/pages\/212\/revisions"}],"predecessor-version":[{"id":711,"href":"https:\/\/mediasex2020.univ-lille.fr\/index.php?rest_route=\/wp\/v2\/pages\/212\/revisions\/711"}],"wp:attachment":[{"href":"https:\/\/mediasex2020.univ-lille.fr\/index.php?rest_route=%2Fwp%2Fv2%2Fmedia&parent=212"}],"curies":[{"name":"wp","href":"https:\/\/api.w.org\/{rel}","templated":true}]}}