{"id":28,"date":"2020-09-29T13:02:00","date_gmt":"2020-09-29T11:02:00","guid":{"rendered":"https:\/\/mediasex2020.univ-lille.fr\/?page_id=28"},"modified":"2021-04-30T12:13:55","modified_gmt":"2021-04-30T10:13:55","slug":"programme-du-colloque","status":"publish","type":"page","link":"https:\/\/mediasex2020.univ-lille.fr\/?page_id=28","title":{"rendered":"Programme du Colloque"},"content":{"rendered":"\n<p class=\"has-text-align-center\"><em>Temps de r\u00e9f\u00e9rence : France m\u00e9tropolitaine (GMT+2)<\/em><\/p>\n\n\n\n<p class=\"has-text-align-center\"><strong>Lundi 2 Novembre<\/strong><\/p>\n\n\n\n<p class=\"has-text-align-center\"><strong><span style=\"color:#ff009d\" class=\"has-inline-color\">Mod\u00e9rer les sexualit\u00e9s<\/span><\/strong><\/p>\n\n\n\n<p>17h00&nbsp;: mot d\u2019introduction par B\u00e9atrice Damian-Gaillard (Ar\u00e8nes, Universit\u00e9 de Rennes 1) et Florian V\u00f6r\u00f6s (Geriico, Universit\u00e9 de Lille)<\/p>\n\n\n\n<p class=\"has-text-align-center\"><span style=\"color:#ff00a6\" class=\"has-inline-color\">Conf\u00e9rences d&rsquo;ouverture<\/span><\/p>\n\n\n\n<p>17h30&nbsp;: <a href=\"https:\/\/mediasex2020.univ-lille.fr\/?page_id=181)\">Susanna Paasonen (University of Turku)<\/a>, <a href=\"https:\/\/mediasex2020.univ-lille.fr\/?page_id=648\">\u00ab&nbsp;La valeur de la sexualit\u00e9 sur les r\u00e9seaux socio-num\u00e9riques : \u00e9chos puritains et corps risqu\u00e9s \u00bb<\/a><\/p>\n\n\n\n<p>18h00&nbsp;: <a href=\"https:\/\/mediasex2020.univ-lille.fr\/?page_id=183\">Sharif Mowlabocus (Fordham University)<\/a>, <a href=\"https:\/\/mediasex2020.univ-lille.fr\/?page_id=655\">\u00ab&nbsp;La mod\u00e9ration du racisme sur les applications de drague gay : le cas de Grindr \u00bb<\/a><\/p>\n\n\n\n<p>18h30&nbsp;: discussion en direct<\/p>\n\n\n\n<p class=\"has-text-align-center\"><strong>Mardi 3 Novembre<\/strong><\/p>\n\n\n\n<p class=\"has-text-align-center has-text-color\" style=\"color:#ff01c8\"><strong>R\u00e9seaux socio-num\u00e9riques<\/strong> <\/p>\n\n\n\n<p>9h30&nbsp;: <a href=\"https:\/\/mediasex2020.univ-lille.fr\/?page_id=185\">Virginie Julliard (GRIPIC, Universit\u00e9 Paris 4)<\/a>, <a href=\"https:\/\/mediasex2020.univ-lille.fr\/?page_id=739\">\u00ab&nbsp;Le chevalier et Brigitte Bardot contre #najatvb et l'\u00a0\u00bbhomme enceint\u00a0\u00bb : Dimensions genr\u00e9e et sexuelle des affects et r\u00e9assurance la \u00ab\u00a0diff\u00e9rence des sexes\u00a0\u00bb dans le d\u00e9bat relatif \u00e0 la \u00ab\u00a0th\u00e9orie du genre\u00a0\u00bb sur Twitter\u00bb<\/a><\/p>\n\n\n\n<p>9h50&nbsp;: <a href=\"https:\/\/mediasex2020.univ-lille.fr\/?page_id=187\">Andrea Zanotti (Irm\u00e9ccen, Universit\u00e9 Sorbonne Nouvelle)<\/a>, <a href=\"https:\/\/mediasex2020.univ-lille.fr\/?page_id=790\">\u00ab&nbsp;N\u00e9gociation et reproduction des normes sexuelles et de genre chez les utilisateurs de Scruff, application gay de rencontre&nbsp;\u00bb<\/a><\/p>\n\n\n\n<p>10h10&nbsp;: discussion anim\u00e9e par Coralie Le Caroff (Cerlis, Universit\u00e9 de Paris)<\/p>\n\n\n\n<p class=\"has-text-align-center has-text-color\" style=\"color:#ff05ea\"><strong>Infrastructures m\u00e9diatiques <\/strong><\/p>\n\n\n\n<p>11h00&nbsp;: <a href=\"https:\/\/mediasex2020.univ-lille.fr\/?page_id=189\">Marion Coville (Universit\u00e9 de Poitiers)<\/a>, <a href=\"https:\/\/mediasex2020.univ-lille.fr\/?page_id=518\">\u00ab&nbsp;Les politiques sexuelles de la visite mus\u00e9ale. Le r\u00f4le de la culture h\u00e9t\u00e9rosexuelle et de l\u2019imaginaire des usages \u2018en famille\u2019 dans la conception et la r\u00e9ception d\u2019un jeu vid\u00e9o&nbsp;\u00bb<\/a><\/p>\n\n\n\n<p>11h20&nbsp;: <a href=\"https:\/\/mediasex2020.univ-lille.fr\/?page_id=192\">Fred Pailler (Universit\u00e9 de Nantes)<\/a>, <a href=\"https:\/\/mediasex2020.univ-lille.fr\/?page_id=758\">\u00ab&nbsp;binarisme exclusif h\/f et sexualisation implicite des plateformes num\u00e9riques&nbsp;\u00bb<\/a><\/p>\n\n\n\n<p>11h40&nbsp;: <a href=\"https:\/\/mediasex2020.univ-lille.fr\/?page_id=194\">Robert Payne (American University of Paris)<\/a>, <a href=\"https:\/\/mediasex2020.univ-lille.fr\/?page_id=436\">\u00ab&nbsp;Queer Fits&nbsp;: Vers une th\u00e9orie que des formats m\u00e9diatiques&nbsp;\u00bb<\/a><\/p>\n\n\n\n<p>12h00-12h30&nbsp;: discussion anim\u00e9e par B\u00e9atrice Micheau (Geriico, Universit\u00e9 de Lille)<\/p>\n\n\n\n<p class=\"has-text-align-center has-text-color\" style=\"color:#ff00e6\"><strong>Afficher les sexualit\u00e9s<\/strong><\/p>\n\n\n\n<p>14h00&nbsp;: <a href=\"https:\/\/mediasex2020.univ-lille.fr\/?page_id=196\">Keyvan Gorbanzadeh (Cessp, Universit\u00e9&nbsp;Paris 1 Panth\u00e9on Sorbonne)<\/a>, <a href=\"https:\/\/mediasex2020.univ-lille.fr\/?page_id=442\">\u00ab&nbsp;Des publicit\u00e9s ind\u00e9centes ? La r\u00e9gulation sexuelle de l\u2019espace public publicitaire&nbsp;\u00bb<\/a><\/p>\n\n\n\n<p>14h20&nbsp;: <a href=\"https:\/\/mediasex2020.univ-lille.fr\/?page_id=198\">Elise Marsicano (SAGE, Universit\u00e9 de Strasbourg)<\/a>, <a href=\"https:\/\/mediasex2020.univ-lille.fr\/?page_id=447\">\u00ab&nbsp;S\u2019aimer, s\u2019\u00e9clater, s\u2019oublier. Quand Sant\u00e9 Publique France prend des risques dans une campagne contre le sida&nbsp;\u00bb<\/a><\/p>\n\n\n\n<p>14h40&nbsp;: <a href=\"https:\/\/mediasex2020.univ-lille.fr\/?page_id=200\">C\u00e9cile Loriato, (CEDITEC, Universit\u00e9 Paris Est Cr\u00e9teil)<\/a>, <a href=\"https:\/\/mediasex2020.univ-lille.fr\/?page_id=452\">\u00ab&nbsp;La visibilit\u00e9 de l\u2019homosexualit\u00e9 dans l\u2019espace public comme enjeu de pr\u00e9vention du VIH\/sida&nbsp;\u00bb<\/a><\/p>\n\n\n\n<p>15h00&nbsp;: discussion anim\u00e9e par Marion Dalibert (Geriico, Universit\u00e9 de Lille)<\/p>\n\n\n\n<p class=\"has-text-align-center has-text-color\" style=\"color:#ff00c3\"><strong>Mouvements sociaux<\/strong> <\/p>\n\n\n\n<p>16h00&nbsp;: <a href=\"https:\/\/mediasex2020.univ-lille.fr\/?page_id=202\">Vivien Sold\u00e9 (CEREP, Universit\u00e9 de Reims)<\/a>, <a href=\"https:\/\/mediasex2020.univ-lille.fr\/?page_id=458\">\u00ab&nbsp;Qu&rsquo;est ce qu&rsquo;un bon porno ? Les f\u00e9d\u00e9rations de cin\u00e9-club confessionnelles et la\u00efques face au sexe sur les \u00e9crans ?&nbsp;\u00bb<\/a><\/p>\n\n\n\n<p>16h20 :  <a href=\"https:\/\/mediasex2020.univ-lille.fr\/?page_id=204\">Rebecca Sullivan (University of Calgary)<\/a>, <a href=\"https:\/\/mediasex2020.univ-lille.fr\/?page_id=678\">\u00ab&nbsp;La citoyenne sexuelle-cin\u00e9matographique de Studio D \u00bb<\/a><\/p>\n\n\n\n<p>16h40&nbsp;: <a href=\"https:\/\/mediasex2020.univ-lille.fr\/?page_id=206\">Ir\u00e8ne Despontin Lef\u00e8vre (CARISM, Universit\u00e9 Paris 2 Panth\u00e9on-Assas)<\/a>, <a href=\"https:\/\/mediasex2020.univ-lille.fr\/?page_id=463\">\u00ab&nbsp;#NousToutes, vers une mise en normalit\u00e9 des violences&nbsp;?&nbsp;\u00bb<\/a><\/p>\n\n\n\n<p>17h00-17h30&nbsp;: discussion anim\u00e9e par Eug\u00e9nie Saitta (Ar\u00e8nes, Universit\u00e9 de Rennes 1)<\/p>\n\n\n\n<p class=\"has-text-align-center\"><strong><span style=\"color:#ff00c3\" class=\"has-inline-color\">Femmes pornographes<\/span><\/strong><\/p>\n\n\n\n<p>18h : projection de la vid\u00e9o d\u2019<a rel=\"noreferrer noopener\" href=\"https:\/\/mediasex2020.univ-lille.fr\/?page_id=208\" target=\"_blank\">Eva Vocz (F\u00e9d\u00e9ration Parapluie Rouge)<\/a>&nbsp;:&nbsp;<a rel=\"noreferrer noopener\" href=\"https:\/\/mediasex2020.univ-lille.fr\/?page_id=527\" target=\"_blank\">\u00ab Un bon censeur doit savoir appeler une chatte \u2018une chatte\u2019 \u00bb<\/a><br><\/p>\n\n\n\n<p>18h30 : discussion avec Eva Vocz, V\u00e9ra Flyn (STRASS, syndictal du travail sexuel) et Carmina (Le Tag Parfait) autour de la censure du travail du sexe en ligne<\/p>\n\n\n\n<p>NB: En raison du confinement, la performance \u00ab Comment \u00eatre (vraiment) riche avec le porno? \u00bb par&nbsp;<a rel=\"noreferrer noopener\" href=\"https:\/\/mediasex2020.univ-lille.fr\/?page_id=208\" target=\"_blank\">Eva Vocz<\/a>&nbsp;et&nbsp;<a rel=\"noreferrer noopener\" href=\"https:\/\/mediasex2020.univ-lille.fr\/?page_id=210\" target=\"_blank\">Robyn Chien (Puppy Please)<\/a>, sur une invitation de Latitudes contemporaines, est report\u00e9e.<\/p>\n\n\n\n<p><\/p>\n\n\n\n<p class=\"has-text-align-center\"><strong>Mercredi 4 Novembre<\/strong><\/p>\n\n\n\n<p class=\"has-text-align-center has-text-color\" style=\"color:#ff00d0\"><strong>\u00c9crire la sexualit\u00e9 pour le cin\u00e9ma et la t\u00e9l\u00e9vision<\/strong><\/p>\n\n\n\n<p>9h00&nbsp;: <a href=\"https:\/\/mediasex2020.univ-lille.fr\/?page_id=212\">Ariane Temkine (Cral, Ehess)<\/a>, <a href=\"https:\/\/mediasex2020.univ-lille.fr\/?page_id=473\">\u00ab&nbsp;L&rsquo;encodage queer : r\u00e9v\u00e9lateur d&rsquo;h\u00e9t\u00e9ronormativit\u00e9 dans le cin\u00e9ma d&rsquo;animation Disney (1937-1999)\u00bb<\/a><\/p>\n\n\n\n<p>9h20&nbsp;: <a href=\"https:\/\/mediasex2020.univ-lille.fr\/?page_id=214\">Sarah L\u00e9cossais (LabSIC, Universit\u00e9 Paris 13)<\/a>, <a href=\"https:\/\/mediasex2020.univ-lille.fr\/?page_id=477\">\u00ab&nbsp;Dire et \u00e9crire les sexualit\u00e9s dans les s\u00e9ries fran\u00e7aises. Quand l\u2019h\u00e9t\u00e9rosexualit\u00e9 n\u2019est un sujet et que les personnages gays risquent de clignoter&nbsp;\u00bb<\/a><\/p>\n\n\n\n<p>9h40&nbsp;: <a href=\"https:\/\/mediasex2020.univ-lille.fr\/?page_id=216\">D\u00e9borah Gay (Lerass, Universit\u00e9 de Toulouse Paul Sabatier)<\/a>, <a href=\"https:\/\/mediasex2020.univ-lille.fr\/?page_id=483\">\u00ab&nbsp;Fiction et homonormativit\u00e9&nbsp;: la repr\u00e9sentation de personnages LGBT dans une webs\u00e9rie de France T\u00e9l\u00e9visions&nbsp;\u00bb<\/a><\/p>\n\n\n\n<p>10h00: discussion anim\u00e9e par Juliette Dalbavie (Geriico, Universit\u00e9 de Lille) <\/p>\n\n\n\n<p class=\"has-text-align-center has-text-color\" style=\"color:#ff03e6\"><strong>Plateformes de sexcam<\/strong><\/p>\n\n\n\n<p>11h00&nbsp;: <a href=\"https:\/\/mediasex2020.univ-lille.fr\/?page_id=218\">Arnaud Anciaux<\/a>, <a href=\"https:\/\/mediasex2020.univ-lille.fr\/?page_id=398\">Julie A. Gramaccia<\/a> et <a href=\"https:\/\/mediasex2020.univ-lille.fr\/?page_id=220\">Iris Gaudin (Universit\u00e9 Laval)<\/a> <a href=\"https:\/\/mediasex2020.univ-lille.fr\/?page_id=490\">\u00ab&nbsp;Entre r\u00e9gimes concurrents de repr\u00e9sentation et strat\u00e9gies \u00e9nonciatives, propositions pour une \u00e9conomie du discours entourant les plateformes de sexcam&nbsp;\u00bb<\/a><\/p>\n\n\n\n<p>11h20&nbsp;: <a href=\"https:\/\/mediasex2020.univ-lille.fr\/?page_id=222\">Jean-Marc Francony<em>&nbsp;<\/em>(Gresec)<\/a> et <a href=\"https:\/\/mediasex2020.univ-lille.fr\/?page_id=224\">Pierre Brasseur (Pacte, Universit\u00e9 de Grenoble)<\/a> <a href=\"https:\/\/mediasex2020.univ-lille.fr\/?page_id=538\">\u00ab&nbsp;Capter l\u2019attention, cr\u00e9er sa griffe&nbsp;: co-produire des contenus pornographiques en direct \u00e0 l\u2019heure du capitalisme de plateforme&nbsp;\u00bb<\/a><\/p>\n\n\n\n<p>12h00&nbsp;: discussion anim\u00e9e par Sandy Monta\u00f1ola (Ar\u00e8nes, Universit\u00e9 Rennes 1)<\/p>\n\n\n\n<p class=\"has-text-align-center has-text-color\" style=\"color:#ff00c3\"><strong>Le cadrage journalistique des sexualit\u00e9s<\/strong><\/p>\n\n\n\n<p class=\"has-text-align-center has-text-color\" style=\"color:#ff00bb\">M\u00e9diatiser les violences sexuelles<\/p>\n\n\n\n<p>14h00 &nbsp;: <a href=\"https:\/\/mediasex2020.univ-lille.fr\/?page_id=226\">Jeanne Wetzels (CARISM, Universit\u00e9 Paris 2 Panth\u00e9on-Sorbonne)<\/a>, <a href=\"https:\/\/mediasex2020.univ-lille.fr\/?page_id=496\">\u00ab&nbsp;Quel espace m\u00e9diatique pour les violences sexuelles en temps de conflit arm\u00e9? Aper\u00e7u d&rsquo;une m\u00e9diatisation dans le Monde depuis 1944\u00bb<\/a><\/p>\n\n\n\n<p>14h20&nbsp;: <a href=\"https:\/\/mediasex2020.univ-lille.fr\/?page_id=228\">Laure Beaulieu (LabSIC, Universit\u00e9 Paris 13)<\/a> <a href=\"https:\/\/mediasex2020.univ-lille.fr\/?page_id=502\">\u00ab&nbsp;Evolution des pratiques journalistiques sur des sujets en lien avec les violences sexuelles chez des journalistes de presse quotidienne dans le contexte post Metoo \u00bb<\/a><\/p>\n\n\n\n<p class=\"has-text-align-center has-text-color\" style=\"color:#ff02c4\">Conf\u00e9rence de cl\u00f4ture<\/p>\n\n\n\n<p>14h40&nbsp;: <a href=\"https:\/\/mediasex2020.univ-lille.fr\/?page_id=230\">Florence Le Cam (Universit\u00e9 Libre de Bruxelles)<\/a> et <a href=\"https:\/\/mediasex2020.univ-lille.fr\/?page_id=232\">Manon Libert (Universit\u00e9 Le Mons)<\/a>, <a href=\"https:\/\/mediasex2020.univ-lille.fr\/?page_id=507\">\u00ab&nbsp;La r\u00e9daction, un espace de travail &lsquo; non sexu\u00e9 &lsquo; et non &lsquo;sexuel&rsquo; ?\u00bb<\/a><\/p>\n\n\n\n<p class=\"has-text-align-center has-text-color\" style=\"color:#ff00c8\">Parler et faire parler de sexualit\u00e9<\/p>\n\n\n\n<p>15H15 : Discussion avec <a href=\"https:\/\/www.mediapart.fr\/biographie\/lenaig-bredoux\">L\u00e9na\u00efg Bredoux (Mediapart)<\/a> et <a href=\"http:\/\/lesjournalopes.fr\/index.php\/portfolio-category\/pauline\/\">Pauline Verduzier (Les Journalopes)<\/a><\/p>\n","protected":false},"excerpt":{"rendered":"<p>Temps de r\u00e9f\u00e9rence : France m\u00e9tropolitaine (GMT+2) Lundi 2 Novembre Mod\u00e9rer les sexualit\u00e9s 17h00&nbsp;: mot d\u2019introduction par B\u00e9atrice Damian-Gaillard (Ar\u00e8nes, Universit\u00e9 de Rennes 1) et Florian V\u00f6r\u00f6s (Geriico, Universit\u00e9 de Lille) Conf\u00e9rences d&rsquo;ouverture 17h30&nbsp;: Susanna Paasonen (University of Turku), \u00ab&nbsp;La valeur de la sexualit\u00e9 sur les r\u00e9seaux socio-num\u00e9riques : \u00e9chos puritains et corps risqu\u00e9s \u00bb &#8230; <a title=\"Programme du Colloque\" class=\"read-more\" href=\"https:\/\/mediasex2020.univ-lille.fr\/?page_id=28\" aria-label=\"En savoir plus sur Programme du Colloque\">Lire la suite<\/a><\/p>\n","protected":false},"author":1,"featured_media":0,"parent":0,"menu_order":0,"comment_status":"closed","ping_status":"closed","template":"","meta":[],"_links":{"self":[{"href":"https:\/\/mediasex2020.univ-lille.fr\/index.php?rest_route=\/wp\/v2\/pages\/28"}],"collection":[{"href":"https:\/\/mediasex2020.univ-lille.fr\/index.php?rest_route=\/wp\/v2\/pages"}],"about":[{"href":"https:\/\/mediasex2020.univ-lille.fr\/index.php?rest_route=\/wp\/v2\/types\/page"}],"author":[{"embeddable":true,"href":"https:\/\/mediasex2020.univ-lille.fr\/index.php?rest_route=\/wp\/v2\/users\/1"}],"replies":[{"embeddable":true,"href":"https:\/\/mediasex2020.univ-lille.fr\/index.php?rest_route=%2Fwp%2Fv2%2Fcomments&post=28"}],"version-history":[{"count":72,"href":"https:\/\/mediasex2020.univ-lille.fr\/index.php?rest_route=\/wp\/v2\/pages\/28\/revisions"}],"predecessor-version":[{"id":837,"href":"https:\/\/mediasex2020.univ-lille.fr\/index.php?rest_route=\/wp\/v2\/pages\/28\/revisions\/837"}],"wp:attachment":[{"href":"https:\/\/mediasex2020.univ-lille.fr\/index.php?rest_route=%2Fwp%2Fv2%2Fmedia&parent=28"}],"curies":[{"name":"wp","href":"https:\/\/api.w.org\/{rel}","templated":true}]}}