{"id":398,"date":"2020-10-07T15:27:02","date_gmt":"2020-10-07T13:27:02","guid":{"rendered":"https:\/\/mediasex2020.univ-lille.fr\/?page_id=398"},"modified":"2020-10-07T15:27:02","modified_gmt":"2020-10-07T13:27:02","slug":"julie-grammaccia","status":"publish","type":"page","link":"https:\/\/mediasex2020.univ-lille.fr\/?page_id=398","title":{"rendered":"Julie Grammaccia"},"content":{"rendered":"\n<p class=\"has-text-align-center\"><strong>Julie Alice Grammaccia<\/strong><\/p>\n\n\n\n<p>Julie A. Gramaccia est \u00e9tudiante au doctorat en Communication en cotutelle avec l\u2019Universit\u00e9 Bordeaux-Montaigne et l\u2019Universit\u00e9 Laval. Elle travaille sur l\u2019utilisation des nouveaux m\u00e9dias par des organisations terroristes \u00e0 des fins de propagande. Elle a contribu\u00e9 \u00e0 lancer en f\u00e9vrier 2018 le Projet med-IA, sur l\u2019IA et les pratiques m\u00e9diatiques.<\/p>\n","protected":false},"excerpt":{"rendered":"<p>Julie Alice Grammaccia Julie A. Gramaccia est \u00e9tudiante au doctorat en Communication en cotutelle avec l\u2019Universit\u00e9 Bordeaux-Montaigne et l\u2019Universit\u00e9 Laval. Elle travaille sur l\u2019utilisation des nouveaux m\u00e9dias par des organisations terroristes \u00e0 des fins de propagande. Elle a contribu\u00e9 \u00e0 lancer en f\u00e9vrier 2018 le Projet med-IA, sur l\u2019IA et les pratiques m\u00e9diatiques.<\/p>\n","protected":false},"author":1,"featured_media":0,"parent":0,"menu_order":0,"comment_status":"closed","ping_status":"closed","template":"","meta":[],"_links":{"self":[{"href":"https:\/\/mediasex2020.univ-lille.fr\/index.php?rest_route=\/wp\/v2\/pages\/398"}],"collection":[{"href":"https:\/\/mediasex2020.univ-lille.fr\/index.php?rest_route=\/wp\/v2\/pages"}],"about":[{"href":"https:\/\/mediasex2020.univ-lille.fr\/index.php?rest_route=\/wp\/v2\/types\/page"}],"author":[{"embeddable":true,"href":"https:\/\/mediasex2020.univ-lille.fr\/index.php?rest_route=\/wp\/v2\/users\/1"}],"replies":[{"embeddable":true,"href":"https:\/\/mediasex2020.univ-lille.fr\/index.php?rest_route=%2Fwp%2Fv2%2Fcomments&post=398"}],"version-history":[{"count":1,"href":"https:\/\/mediasex2020.univ-lille.fr\/index.php?rest_route=\/wp\/v2\/pages\/398\/revisions"}],"predecessor-version":[{"id":399,"href":"https:\/\/mediasex2020.univ-lille.fr\/index.php?rest_route=\/wp\/v2\/pages\/398\/revisions\/399"}],"wp:attachment":[{"href":"https:\/\/mediasex2020.univ-lille.fr\/index.php?rest_route=%2Fwp%2Fv2%2Fmedia&parent=398"}],"curies":[{"name":"wp","href":"https:\/\/api.w.org\/{rel}","templated":true}]}}