{"id":463,"date":"2020-10-08T11:07:27","date_gmt":"2020-10-08T09:07:27","guid":{"rendered":"https:\/\/mediasex2020.univ-lille.fr\/?page_id=463"},"modified":"2020-10-08T11:07:28","modified_gmt":"2020-10-08T09:07:28","slug":"noustoutes-vers-une-mise-en-normalite-des-violences","status":"publish","type":"page","link":"https:\/\/mediasex2020.univ-lille.fr\/?page_id=463","title":{"rendered":"\u00ab #NousToutes, vers une mise en normalit\u00e9 des violences ? \u00bb"},"content":{"rendered":"\n<p class=\"has-text-align-center\">\u00ab\u00a0#NousToutes, vers une mise en normalit\u00e9 des violences\u00a0?\u00a0\u00bb<\/p>\n\n\n\n<p>Organis\u00e9 autour de la lutte contre les violences sexistes et sexuelles, #NousToutes avait initialement pour ambition d\u2019\u00ab \u00e9lever le niveau de conscience dans la soci\u00e9t\u00e9 \u00bb. En 2018, pr\u00e8s de 50 000 personnes d\u00e9filaient dans les rues sous les pancartes violettes du collectif #NousToutes \u2013 et les banderoles DIY d\u2019organisation \u00ab dissidentes \u00bb comme NousAussi. L\u2019ann\u00e9e suivante, la mobilisation est plus importante avec 150 000 personnes dans toute la France.<\/p>\n\n\n\n<p>D\u2019autres actions sont par ailleurs organis\u00e9es en\/hors ligne par le collectif, entre interpellation et d\u00e9nonciation des pouvoirs publics, ou encore formation autour et contre les violences. Quoiqu\u2019il en soit, les strat\u00e9gies du collectif r\u00e9pondent n\u00e9cessairement \u00e0 une perspective communicationnelle, et l\u2019usage des diff\u00e9rentes plateformes en ligne s\u2019av\u00e8re pluriel et adapt\u00e9 \u00e0 chacune d\u2019entre elles.<\/p>\n\n\n\n<p>La pr\u00e9sente communication invite \u00e0 s\u2019int\u00e9resser aux enjeux soulev\u00e9s par les dispositifs de m\u00e9diatisation d\u00e9ploy\u00e9s par #NousToutes, entre uniformisation de la d\u00e9viance et universalisation des violences. En revenant sur l\u2019organisation (et la gestion) du collectif et son utilisation massive des plateformes num\u00e9riques o\u00f9 le potentiel expressif est cadr\u00e9, sera donc questionn\u00e9e la mani\u00e8re dont le collectif participe \u00e0 la mise en normalit\u00e9\/universalit\u00e9 (h\u00e9t\u00e9rosexuelle) des politiques de luttes contre les violences sexistes et sexuelles.<\/p>\n","protected":false},"excerpt":{"rendered":"<p>\u00ab\u00a0#NousToutes, vers une mise en normalit\u00e9 des violences\u00a0?\u00a0\u00bb Organis\u00e9 autour de la lutte contre les violences sexistes et sexuelles, #NousToutes avait initialement pour ambition d\u2019\u00ab \u00e9lever le niveau de conscience dans la soci\u00e9t\u00e9 \u00bb. En 2018, pr\u00e8s de 50 000 personnes d\u00e9filaient dans les rues sous les pancartes violettes du collectif #NousToutes \u2013 et les &#8230; <a title=\"\u00ab #NousToutes, vers une mise en normalit\u00e9 des violences ? \u00bb\" class=\"read-more\" href=\"https:\/\/mediasex2020.univ-lille.fr\/?page_id=463\" aria-label=\"En savoir plus sur \u00ab #NousToutes, vers une mise en normalit\u00e9 des violences ? \u00bb\">Lire la suite<\/a><\/p>\n","protected":false},"author":1,"featured_media":0,"parent":0,"menu_order":0,"comment_status":"closed","ping_status":"closed","template":"","meta":[],"_links":{"self":[{"href":"https:\/\/mediasex2020.univ-lille.fr\/index.php?rest_route=\/wp\/v2\/pages\/463"}],"collection":[{"href":"https:\/\/mediasex2020.univ-lille.fr\/index.php?rest_route=\/wp\/v2\/pages"}],"about":[{"href":"https:\/\/mediasex2020.univ-lille.fr\/index.php?rest_route=\/wp\/v2\/types\/page"}],"author":[{"embeddable":true,"href":"https:\/\/mediasex2020.univ-lille.fr\/index.php?rest_route=\/wp\/v2\/users\/1"}],"replies":[{"embeddable":true,"href":"https:\/\/mediasex2020.univ-lille.fr\/index.php?rest_route=%2Fwp%2Fv2%2Fcomments&post=463"}],"version-history":[{"count":1,"href":"https:\/\/mediasex2020.univ-lille.fr\/index.php?rest_route=\/wp\/v2\/pages\/463\/revisions"}],"predecessor-version":[{"id":465,"href":"https:\/\/mediasex2020.univ-lille.fr\/index.php?rest_route=\/wp\/v2\/pages\/463\/revisions\/465"}],"wp:attachment":[{"href":"https:\/\/mediasex2020.univ-lille.fr\/index.php?rest_route=%2Fwp%2Fv2%2Fmedia&parent=463"}],"curies":[{"name":"wp","href":"https:\/\/api.w.org\/{rel}","templated":true}]}}

« #NousToutes, vers une mise en normalité des violences ? »

<p class="has-text-align-center">« #NousToutes, vers une mise en normalité des violences ? »</p>



<p>Organisé autour de la lutte contre les violences sexistes et sexuelles, #NousToutes avait initialement pour ambition d’« élever le niveau de conscience dans la société ». En 2018, près de 50 000 personnes défilaient dans les rues sous les pancartes violettes du collectif #NousToutes – et les banderoles DIY d’organisation « dissidentes » comme NousAussi. L’année suivante, la mobilisation est plus importante avec 150 000 personnes dans toute la France.</p>



<p>D’autres actions sont par ailleurs organisées en/hors ligne par le collectif, entre interpellation et dénonciation des pouvoirs publics, ou encore formation autour et contre les violences. Quoiqu’il en soit, les stratégies du collectif répondent nécessairement à une perspective communicationnelle, et l’usage des différentes plateformes en ligne s’avère pluriel et adapté à chacune d’entre elles.</p>



<p>La présente communication invite à s’intéresser aux enjeux soulevés par les dispositifs de médiatisation déployés par #NousToutes, entre uniformisation de la déviance et universalisation des violences. En revenant sur l’organisation (et la gestion) du collectif et son utilisation massive des plateformes numériques où le potentiel expressif est cadré, sera donc questionnée la manière dont le collectif participe à la mise en normalité/universalité (hétérosexuelle) des politiques de luttes contre les violences sexistes et sexuelles.</p>

<p>« #NousToutes, vers une mise en normalité des violences ? » Organisé autour de la lutte contre les violences sexistes et sexuelles, #NousToutes avait initialement pour ambition d’« élever le niveau de conscience dans la société ». En 2018, près de 50 000 personnes défilaient dans les rues sous les pancartes violettes du collectif #NousToutes – et les &#8230; <a title="« #NousToutes, vers une mise en normalité des violences ? »" class="read-more" href="https://mediasex2020.univ-lille.fr/?page_id=463" aria-label="En savoir plus sur « #NousToutes, vers une mise en normalité des violences ? »">Lire la suite</a></p>
