{"id":496,"date":"2020-10-08T16:16:02","date_gmt":"2020-10-08T14:16:02","guid":{"rendered":"https:\/\/mediasex2020.univ-lille.fr\/?page_id=496"},"modified":"2020-10-08T16:16:02","modified_gmt":"2020-10-08T14:16:02","slug":"quel-espace-mediatique-pour-les-violences-sexuelles-en-temps-de-conflit-arme-apercu-dune-mediatisation-dans-le-monde-depuis-1944","status":"publish","type":"page","link":"https:\/\/mediasex2020.univ-lille.fr\/?page_id=496","title":{"rendered":"\u00ab Quel espace m\u00e9diatique pour les violences sexuelles en temps de conflit arm\u00e9? Aper\u00e7u d&rsquo;une m\u00e9diatisation dans le Monde depuis 1944\u00bb"},"content":{"rendered":"\n<p class=\"has-text-align-center\">\u00ab\u00a0Quel espace m\u00e9diatique pour les violences sexuelles en temps de conflit arm\u00e9? Aper\u00e7u d&rsquo;une m\u00e9diatisation dans le Monde depuis 1944\u00bb<\/p>\n\n\n\n<p>Bas\u00e9e sur la collecte d\u2019articles de presse issus du journal&nbsp;<em>Le Monde<\/em>&nbsp;et obtenus&nbsp;<em>via<\/em>&nbsp;la base de donn\u00e9es Europresse<em>,<\/em>&nbsp;cette communication propose d\u2019\u00e9tudier la m\u00e9diatisation des violences sexuelles commises en temps de guerre de 1945 jusqu\u2019\u00e0 nos jours. Cette analyse a \u00e9t\u00e9 men\u00e9e de mani\u00e8re g\u00e9n\u00e9raliste sans d\u00e9terminer&nbsp;<em>a priori<\/em>&nbsp;les conflits \u00e9tudi\u00e9s, permettant ainsi une maximisation des cas. La recherche des articles a \u00e9t\u00e9 effectu\u00e9e \u00e0 l\u2019aide de la combinaison de mots-clefs suivants&nbsp;:&nbsp;<em>\u00ab&nbsp;(guerre | guerres | conflit | conflits) &amp; (viol | viols | \u00ab&nbsp;violence sexuelle&nbsp;\u00bb | \u00ab&nbsp;violences sexuelles&nbsp;\u00bb)&nbsp;\u00bb.<\/em><\/p>\n\n\n\n<p>&nbsp;&nbsp;&nbsp;&nbsp;&nbsp;&nbsp;&nbsp;&nbsp;&nbsp;L\u2019objectif de ce travail est double. Il s\u2019agit d\u2019abord de d\u00e9terminer et pr\u00e9senter l\u2019\u00e9volution du nombre d\u2019articles obtenus tous conflits confondus sur toute la p\u00e9riode \u00e9tudi\u00e9e afin de rep\u00e9rer les moments de flux et de reflux m\u00e9diatique sur le sujet. Ensuite, une analyse plus d\u00e9taill\u00e9e permettra d\u2019identifier les conflits apparaissant dans le corpus, leur proportion dans l\u2019ensemble des articles et l\u2019\u00e9volution de leur pr\u00e9sence m\u00e9diatique dans le temps.&nbsp;<\/p>\n\n\n\n<p>&nbsp;&nbsp;&nbsp;&nbsp;&nbsp;&nbsp;&nbsp;&nbsp;&nbsp;Con\u00e7ue comme une \u00e9bauche \u00e0 la premi\u00e8re \u00e9tape empirique d\u2019un travail de th\u00e8se, cette analyse a vocation \u00e0 \u00eatre enrichie et d\u00e9velopp\u00e9e et pr\u00e9sente des limites que nous ne manquerons pas d\u2019exposer.&nbsp;&nbsp;<\/p>\n","protected":false},"excerpt":{"rendered":"<p>\u00ab\u00a0Quel espace m\u00e9diatique pour les violences sexuelles en temps de conflit arm\u00e9? Aper\u00e7u d&rsquo;une m\u00e9diatisation dans le Monde depuis 1944\u00bb Bas\u00e9e sur la collecte d\u2019articles de presse issus du journal&nbsp;Le Monde&nbsp;et obtenus&nbsp;via&nbsp;la base de donn\u00e9es Europresse,&nbsp;cette communication propose d\u2019\u00e9tudier la m\u00e9diatisation des violences sexuelles commises en temps de guerre de 1945 jusqu\u2019\u00e0 nos jours. Cette &#8230; <a title=\"\u00ab Quel espace m\u00e9diatique pour les violences sexuelles en temps de conflit arm\u00e9? Aper\u00e7u d&rsquo;une m\u00e9diatisation dans le Monde depuis 1944\u00bb\" class=\"read-more\" href=\"https:\/\/mediasex2020.univ-lille.fr\/?page_id=496\" aria-label=\"En savoir plus sur \u00ab Quel espace m\u00e9diatique pour les violences sexuelles en temps de conflit arm\u00e9? Aper\u00e7u d&rsquo;une m\u00e9diatisation dans le Monde depuis 1944\u00bb\">Lire la suite<\/a><\/p>\n","protected":false},"author":1,"featured_media":0,"parent":0,"menu_order":0,"comment_status":"closed","ping_status":"closed","template":"","meta":[],"_links":{"self":[{"href":"https:\/\/mediasex2020.univ-lille.fr\/index.php?rest_route=\/wp\/v2\/pages\/496"}],"collection":[{"href":"https:\/\/mediasex2020.univ-lille.fr\/index.php?rest_route=\/wp\/v2\/pages"}],"about":[{"href":"https:\/\/mediasex2020.univ-lille.fr\/index.php?rest_route=\/wp\/v2\/types\/page"}],"author":[{"embeddable":true,"href":"https:\/\/mediasex2020.univ-lille.fr\/index.php?rest_route=\/wp\/v2\/users\/1"}],"replies":[{"embeddable":true,"href":"https:\/\/mediasex2020.univ-lille.fr\/index.php?rest_route=%2Fwp%2Fv2%2Fcomments&post=496"}],"version-history":[{"count":1,"href":"https:\/\/mediasex2020.univ-lille.fr\/index.php?rest_route=\/wp\/v2\/pages\/496\/revisions"}],"predecessor-version":[{"id":497,"href":"https:\/\/mediasex2020.univ-lille.fr\/index.php?rest_route=\/wp\/v2\/pages\/496\/revisions\/497"}],"wp:attachment":[{"href":"https:\/\/mediasex2020.univ-lille.fr\/index.php?rest_route=%2Fwp%2Fv2%2Fmedia&parent=496"}],"curies":[{"name":"wp","href":"https:\/\/api.w.org\/{rel}","templated":true}]}}