{"id":502,"date":"2020-10-08T16:19:47","date_gmt":"2020-10-08T14:19:47","guid":{"rendered":"https:\/\/mediasex2020.univ-lille.fr\/?page_id=502"},"modified":"2020-10-08T16:19:48","modified_gmt":"2020-10-08T14:19:48","slug":"evolution-des-pratiques-journalistiques-sur-des-sujets-en-lien-avec-les-violences-sexuelles-chez-des-journalistes-de-presse-quotidienne-dans-le-contexte-post-metoo","status":"publish","type":"page","link":"https:\/\/mediasex2020.univ-lille.fr\/?page_id=502","title":{"rendered":"\u00ab Evolution des pratiques journalistiques sur des sujets en lien avec les violences sexuelles chez des journalistes de presse quotidienne dans le contexte post Metoo\u00bb"},"content":{"rendered":"\n<p class=\"has-text-align-center\">\u00ab\u00a0Evolution des pratiques journalistiques sur des sujets en lien avec les violences sexuelles chez des journalistes de presse quotidienne dans le contexte post Metoo\u00bb<\/p>\n\n\n\n<p>Cette communication s\u2019int\u00e9resse \u00e0 la l\u00e9gitimation, quoique relative, des sujets en lien avec les violences sexuelles au sein d\u2019une r\u00e9daction de presse quotidienne nationale dans le contexte postmetoo.<\/p>\n\n\n\n<p>Elle met en \u00e9vidence comment ces sujets sont pass\u00e9s du statut de \u00ab fait divers \u00bb \u00e0 celui de \u00ab fait social \u00bb. Cette communication interroge les \u00e9volutions des pratiques journalistiques dans le contexte post-metoo. Elle montre que, dans ce contexte, les pratiques d\u2019enqu\u00eates \u00e9voluent ainsi que le langage journalistique, le rapport \u00e0 l\u2019anonymisation des sources et \u00e0 la temporalit\u00e9 de publication.<\/p>\n\n\n\n<p>Pour cela, elle s\u2019appuie sur une \u00e9tude ethnographique de deux groupes de journalistes, mis en place au sein de la r\u00e9daction \u00e9tudi\u00e9e apr\u00e8s le mouvement metoo et qui ont travaill\u00e9 sur les th\u00e8mes du harc\u00e8lement sexuel et des f\u00e9minicides.<\/p>\n","protected":false},"excerpt":{"rendered":"<p>\u00ab\u00a0Evolution des pratiques journalistiques sur des sujets en lien avec les violences sexuelles chez des journalistes de presse quotidienne dans le contexte post Metoo\u00bb Cette communication s\u2019int\u00e9resse \u00e0 la l\u00e9gitimation, quoique relative, des sujets en lien avec les violences sexuelles au sein d\u2019une r\u00e9daction de presse quotidienne nationale dans le contexte postmetoo. Elle met en &#8230; <a title=\"\u00ab Evolution des pratiques journalistiques sur des sujets en lien avec les violences sexuelles chez des journalistes de presse quotidienne dans le contexte post Metoo\u00bb\" class=\"read-more\" href=\"https:\/\/mediasex2020.univ-lille.fr\/?page_id=502\" aria-label=\"En savoir plus sur \u00ab Evolution des pratiques journalistiques sur des sujets en lien avec les violences sexuelles chez des journalistes de presse quotidienne dans le contexte post Metoo\u00bb\">Lire la suite<\/a><\/p>\n","protected":false},"author":1,"featured_media":0,"parent":0,"menu_order":0,"comment_status":"closed","ping_status":"closed","template":"","meta":[],"_links":{"self":[{"href":"https:\/\/mediasex2020.univ-lille.fr\/index.php?rest_route=\/wp\/v2\/pages\/502"}],"collection":[{"href":"https:\/\/mediasex2020.univ-lille.fr\/index.php?rest_route=\/wp\/v2\/pages"}],"about":[{"href":"https:\/\/mediasex2020.univ-lille.fr\/index.php?rest_route=\/wp\/v2\/types\/page"}],"author":[{"embeddable":true,"href":"https:\/\/mediasex2020.univ-lille.fr\/index.php?rest_route=\/wp\/v2\/users\/1"}],"replies":[{"embeddable":true,"href":"https:\/\/mediasex2020.univ-lille.fr\/index.php?rest_route=%2Fwp%2Fv2%2Fcomments&post=502"}],"version-history":[{"count":1,"href":"https:\/\/mediasex2020.univ-lille.fr\/index.php?rest_route=\/wp\/v2\/pages\/502\/revisions"}],"predecessor-version":[{"id":503,"href":"https:\/\/mediasex2020.univ-lille.fr\/index.php?rest_route=\/wp\/v2\/pages\/502\/revisions\/503"}],"wp:attachment":[{"href":"https:\/\/mediasex2020.univ-lille.fr\/index.php?rest_route=%2Fwp%2Fv2%2Fmedia&parent=502"}],"curies":[{"name":"wp","href":"https:\/\/api.w.org\/{rel}","templated":true}]}}

<p class="has-text-align-center">« Evolution des pratiques journalistiques sur des sujets en lien avec les violences sexuelles chez des journalistes de presse quotidienne dans le contexte post Metoo»</p>



<p>Cette communication s’intéresse à la légitimation, quoique relative, des sujets en lien avec les violences sexuelles au sein d’une rédaction de presse quotidienne nationale dans le contexte postmetoo.</p>



<p>Elle met en évidence comment ces sujets sont passés du statut de « fait divers » à celui de « fait social ». Cette communication interroge les évolutions des pratiques journalistiques dans le contexte post-metoo. Elle montre que, dans ce contexte, les pratiques d’enquêtes évoluent ainsi que le langage journalistique, le rapport à l’anonymisation des sources et à la temporalité de publication.</p>



<p>Pour cela, elle s’appuie sur une étude ethnographique de deux groupes de journalistes, mis en place au sein de la rédaction étudiée après le mouvement metoo et qui ont travaillé sur les thèmes du harcèlement sexuel et des féminicides.</p>

<p>« Evolution des pratiques journalistiques sur des sujets en lien avec les violences sexuelles chez des journalistes de presse quotidienne dans le contexte post Metoo» Cette communication s’intéresse à la légitimation, quoique relative, des sujets en lien avec les violences sexuelles au sein d’une rédaction de presse quotidienne nationale dans le contexte postmetoo. Elle met en &#8230; <a title="« Evolution des pratiques journalistiques sur des sujets en lien avec les violences sexuelles chez des journalistes de presse quotidienne dans le contexte post Metoo»" class="read-more" href="https://mediasex2020.univ-lille.fr/?page_id=502" aria-label="En savoir plus sur « Evolution des pratiques journalistiques sur des sujets en lien avec les violences sexuelles chez des journalistes de presse quotidienne dans le contexte post Metoo»">Lire la suite</a></p>
